rime factors of 109285517.
11, 9935047
What are the prime factors of 70826306?
2, 35413153
What are the prime factors of 13519050?
2, 3, 5, 90127
List the prime factors of 426109800.
2, 3, 5, 59, 12037
What are the prime factors of 50638179?
3, 643, 26251
What are the prime factors of 10972748?
2, 23, 41, 2909
List the prime factors of 6575283134.
2, 7, 469663081
List the prime factors of 11722715.
5, 19, 123397
What are the prime factors of 3988942481?
17377, 229553
List the prime factors of 31973015.
5, 6394603
List the prime factors of 36123205.
5, 7224641
What are the prime factors of 1416460534?
2, 67, 10570601
What are the prime factors of 45671688?
2, 3, 70481
What are the prime factors of 5070662?
2, 2535331
What are the prime factors of 2805396362?
2, 2243, 625367
What are the prime factors of 13632050?
2, 5, 103, 2647
What are the prime factors of 5239799848?
2, 953, 687277
List the prime factors of 263080830.
2, 3, 5, 8769361
List the prime factors of 231081188.
2, 13, 137, 163, 199
What are the prime factors of 66440274?
2, 3, 11073379
What are the prime factors of 2948281862?
2, 10099, 145969
What are the prime factors of 1064545751?
1064545751
What are the prime factors of 140016365?
5, 28003273
List the prime factors of 673109071.
673109071
What are the prime factors of 126540042?
2, 3, 21090007
List the prime factors of 69263108.
2, 17315777
List the prime factors of 81082445.
5, 16216489
List the prime factors of 880830018.
2, 3, 16311667
What are the prime factors of 56423526?
2, 3, 9403921
What are the prime factors of 8018239845?
3, 5, 7, 11, 37, 461
List the prime factors of 42178255.
5, 7, 1205093
What are the prime factors of 92829905?
5, 7, 43, 61681
List the prime factors of 8649825.
3, 5, 115331
What are the prime factors of 2240934213?
3, 7, 853, 125101
What are the prime factors of 311069985?
3, 5, 53, 391283
List the prime factors of 46366087.
643, 72109
What are the prime factors of 5686391?
269, 21139
List the prime factors of 1140661813.
53, 2749, 7829
List the prime factors of 26735985.
3, 5, 17, 34949
List the prime factors of 178068337.
311, 572567
What are the prime factors of 562889041?
11, 13, 19, 31, 41, 163
What are the prime factors of 911008518?
2, 3, 7, 23, 943073
List the prime factors of 412069235.
5, 5857, 14071
What are the prime factors of 6345845093?
7, 19, 587, 81283
List the prime factors of 38594826.
2, 3, 714719
List the prime factors of 44184427.
7, 613, 1471
List the prime factors of 7275324302.
2, 6763, 537877
What are the prime factors of 67582688?
2, 2111959
List the prime factors of 39121069.
13, 61, 49333
List the prime factors of 638347620.
2, 3, 5, 17, 625831
List the prime factors of 2452776273.
3, 127, 131, 16381
List the prime factors of 18454479.
3, 79, 77867
List the prime factors of 482167780.
2, 5, 24108389
List the prime factors of 675510283.
7, 17, 5676557
List the prime factors of 5929668391.
17, 7253, 48091
List the prime factors of 1243281157.
1243281157
What are the prime factors of 114897492?
2, 3, 17, 197, 953
What are the prime factors of 223200264?
2, 3, 7, 1328573
What are the prime factors of 48423835?
5, 181, 53507
List the prime factors of 15041816.
2, 23, 81749
List the prime factors of 1690783505.
5, 107, 409, 7727
What are the prime factors of 4790647190?
2, 5, 7, 59, 165709
What are the prime factors of 295071623?
7, 11, 23, 166613
What are the prime factors of 114711044?
2, 7, 4096823
List the prime factors of 38676463.
7, 89, 62081
What are the prime factors of 4250167996?
2, 1062541999
List the prime factors of 506379005.
5, 11, 29, 59, 5381
What are the prime factors of 62887913?
11, 17, 97, 3467
What are the prime factors of 47642712?
2, 3, 13, 311, 491
List the prime factors of 2399728313.
17, 4957, 28477
What are the prime factors of 635891468?
2, 19, 29, 31, 41, 227
What are the prime factors of 38143569?
3, 67, 109, 1741
What are the prime factors of 7321634380?
2, 5, 366081719
What are the prime factors of 135082786?
2, 853, 79181
List the prime factors of 668176161.
3, 181, 373, 3299
List the prime factors of 471681573.
3, 11, 107, 133583
What are the prime factors of 3087620?
2, 5, 263, 587
List the prime factors of 9473504554.
2, 34963, 135479
What are the prime factors of 52056669?
3, 7, 17, 37, 563
List the prime factors of 136551167.
109, 193, 6491
List the prime factors of 205940173.
1117, 184369
What are the prime factors of 3690359355?
3, 5, 246023957
List the prime factors of 335561463.
3, 1049, 35543
What are the prime factors of 3402022237?
2371, 1434847
What are the prime factors of 291201221?
127, 2292923
What are the prime factors of 4887896?
2, 13, 43, 1093
List the prime factors of 1236346797.
3, 7, 47, 1252631
What are the prime factors of 448262226?
2, 3, 23, 199, 5441
What are the prime factors of 150856305?
3, 5, 2377, 4231
What are the prime factors of 310092982?
2, 131, 1183561
What are the prime factors of 118895717?
23, 5169379
List the prime factors of 2900409108.
2, 3, 191, 1265449
What are the prime factors of 158263597?
19, 1039, 8017
What are the prime factors of 372377191?
372377191
What are the prime factors of 348877459?
7, 107, 379, 1229
What are the prime factors of 467321427?
3, 61, 283741
List the prime factors of 814373750.
2, 5, 449, 1451
What are the prime factors of 45020936?
2, 23, 307, 797
List the prime factors of 30645676.
2, 359, 21341
List the prime factors of 938468.
2, 17, 37, 373
List the prime factors of 37162804.
2, 7, 29, 45767
What are the prime factors of 639343638?
2, 3, 3413, 3469
List the prime factors of 112726681.
112726681
List the prime factors of 2446325843.
13, 188178911
What are the prime factors of 709947818?
2, 11681, 30389
List the prime factors of 5290080657.
3, 1763360219
What are the prime factors of 11923741?
11923741
What are the prime factors of 3989355476?
2, 263, 1613, 2351
What are the prime factors of 894338014?
2, 181, 337, 7331
List the prime factors of 257570218.
2, 128785109
List the prime factors of 60511119.
3, 137, 147229
What are the prime factors of 114782280?
2, 3, 5, 73, 13103
List the prime factors of 697209691.
313, 2227507
List the prime factors of 175273203.
3, 7, 43, 194101
List the prime factors of 513739957.
513739957
List the prime factors of 55113249.
3, 199, 92317
What are the prime factors of 106031713?
106031713
What are the prime factors of 619380881?
7, 4969, 17807
List the prime factors of 81121600.
2, 5, 7, 7243
What are the prime factors of 100684990?
2, 5, 7, 19, 75703
List the prime factors of 678125189.
7, 17, 71, 83, 967
List the prime factors of 31742419.
31, 1023949
List the prime factors of 3790017.
3, 7, 11, 1823
List the prime factors of 471098011.
29, 881, 18439
List the prime factors of 210852577.
13, 16219429
What are the prime factors of 250365808?
2, 7, 11, 103, 1973
What are the prime factors of 3633240280?
2, 5, 43, 743, 2843
What are the prime factors of 692299402?
2, 23, 15049987
What are the prime factors of 8201749?
19, 431671
What are the prime factors of 46931052?
2, 3, 7, 558703
What are the prime factors of 246100228?
2, 11, 17, 73, 4507
What are the prime factors of 333067184?
2, 67, 310697
What are the prime factors of 47146566?
2, 3, 2273, 3457
What are the prime factors of 4424242?
2, 439, 5039
List the prime factors of 187954086.
2, 3, 41, 764041
What are the prime factors of 8032975?
5, 321319
What are the prime factors of 528867907?
19, 1487, 18719
What are the prime factors of 27548695?
5, 29, 313, 607
List the prime factors of 229118716.
2, 3881, 14759
List the prime factors of 807512306.
2, 13003, 31051
What are the prime factors of 749643174?
2, 3, 7, 661061
What are the prime factors of 4521314105?
5, 7, 11, 11743673
List the prime factors of 280634418.
2, 3, 37, 103, 4091
What are the prime factors of 1967597876?
2, 103, 4775723
List the prime factors of 28399769.
28399769
What are the prime factors of 335169994?
2, 17, 19, 29, 17891
What are the prime factors of 33814387?
33814387
List the prime factors of 42629110.
2, 5, 71, 60041
What are the prime factors of 3740392442?
2, 1801, 1038421
What are the prime factors of 675552132?
2, 3, 18765337
What are the prime factors of 119624731?
119624731
List th